tor of 35277 and 22.
11
Calculate the highest common divisor of 672 and 84.
84
Calculate the highest common factor of 3897 and 9.
9
Calculate the greatest common divisor of 2 and 2.
2
What is the greatest common divisor of 15 and 600?
15
What is the highest common factor of 72 and 96?
24
What is the highest common factor of 4816 and 112?
112
What is the greatest common factor of 305 and 85?
5
What is the highest common divisor of 55 and 2695?
55
What is the greatest common factor of 105 and 273?
21
What is the greatest common divisor of 3682 and 14?
14
What is the highest common divisor of 671 and 44?
11
What is the highest common divisor of 60 and 84?
12
What is the greatest common factor of 48 and 1544?
8
Calculate the highest common divisor of 66 and 891.
33
Calculate the highest common divisor of 1232 and 462.
154
What is the highest common divisor of 115 and 368?
23
What is the highest common divisor of 18 and 15048?
18
Calculate the greatest common divisor of 924 and 44.
44
Calculate the highest common divisor of 16672 and 64.
32
Calculate the greatest common divisor of 164 and 5699.
41
Calculate the highest common divisor of 26 and 2275.
13
What is the highest common factor of 100 and 5780?
20
What is the highest common factor of 5 and 135?
5
Calculate the greatest common divisor of 1116 and 36.
36
Calculate the highest common factor of 4186 and 21.
7
Calculate the greatest common factor of 138 and 6.
6
What is the greatest common divisor of 26 and 507?
13
What is the greatest common divisor of 22 and 8162?
22
What is the highest common divisor of 185 and 5365?
185
What is the greatest common factor of 45 and 180?
45
What is the highest common divisor of 2573 and 31?
31
Calculate the highest common divisor of 494 and 19.
19
Calculate the greatest common factor of 1098 and 61.
61
What is the highest common divisor of 2384 and 32?
16
Calculate the greatest common factor of 297 and 11.
11
What is the greatest common factor of 4 and 158?
2
What is the greatest common factor of 21285 and 33?
33
What is the highest common divisor of 140 and 308?
28
What is the highest common divisor of 4927 and 26?
13
What is the highest common divisor of 20 and 190?
10
Calculate the greatest common divisor of 22 and 1342.
22
Calculate the greatest common divisor of 6 and 4206.
6
What is the highest common factor of 13377 and 1092?
273
Calculate the highest common factor of 19711 and 23.
23
What is the highest common factor of 2263 and 434?
31
What is the highest common factor of 5149 and 271?
271
What is the greatest common factor of 2242 and 19?
19
What is the greatest common factor of 287 and 82?
41
Calculate the greatest common factor of 3 and 181.
1
Calculate the highest common divisor of 24 and 186.
6
What is the highest common divisor of 1365 and 1575?
105
What is the highest common divisor of 4 and 58?
2
What is the highest common divisor of 216 and 1728?
216
What is the greatest common divisor of 793 and 61?
61
Calculate the highest common factor of 792 and 72.
72
Calculate the highest common divisor of 26 and 2626.
26
What is the highest common factor of 1067 and 22?
11
Calculate the greatest common divisor of 1370 and 11234.
274
Calculate the highest common divisor of 177 and 472.
59
Calculate the greatest common factor of 8639 and 163.
163
What is the greatest common factor of 176 and 4240?
16
What is the greatest common divisor of 93 and 62?
31
Calculate the greatest common divisor of 377 and 26.
13
Calculate the greatest common divisor of 259 and 56.
7
Calculate the greatest common divisor of 10 and 110.
10
Calculate the greatest common factor of 225 and 2736.
9
What is the greatest common factor of 3196 and 340?
68
What is the highest common factor of 483 and 21?
21
Calculate the highest common divisor of 26 and 403.
13
What is the highest common factor of 18 and 1044?
18
What is the highest common divisor of 2330 and 10?
10
What is the greatest common factor of 231 and 3276?
21
Calculate the greatest common factor of 110 and 390.
10
Calculate the greatest common factor of 38 and 114.
38
Calculate the highest common factor of 32 and 592.
16
What is the highest common divisor of 162 and 3078?
162
Calculate the greatest common factor of 22 and 110.
22
What is the greatest common factor of 145 and 203?
29
Calculate the highest common factor of 56 and 208.
8
What is the greatest common divisor of 285 and 10?
5
Calculate the highest common divisor of 1116 and 396.
36
What is the highest common factor of 30 and 12?
6
What is the greatest common factor of 98 and 42?
14
Calculate the highest common factor of 3 and 3793.
1
Calculate the greatest common factor of 60 and 40.
20
Calculate the highest common divisor of 7772 and 116.
116
What is the highest common factor of 301 and 14?
7
What is the highest common factor of 126 and 672?
42
Calculate the highest common divisor of 824 and 128.
8
Calculate the greatest common factor of 208 and 304.
16
Calculate the highest common divisor of 76 and 209.
19
Calculate the highest common factor of 156 and 9464.
52
Calculate the greatest common divisor of 704 and 12760.
88
What is the highest common factor of 274 and 65486?
274
What is the highest common factor of 17 and 6562?
17
What is the greatest common divisor of 4980 and 60?
60
What is the highest common divisor of 136 and 8?
8
Calculate the greatest common divisor of 338 and 88894.
338
What is the highest common factor of 85 and 1115?
5
What is the greatest common divisor of 261 and 8265?
87
Calculate the highest common factor of 442 and 544.
34
Calculate the highest common factor of 42 and 819.
21
What is the highest common factor of 610 and 183?
61
Calculate the highest common divisor of 35200 and 64.
64
Calculate the highest common divisor of 555 and 1335.
15
Calculate the highest common divisor of 1377 and 648.
81
Calculate the greatest common factor of 486 and 18.
18
What is the greatest common factor of 26 and 247?
13
What is the highest common factor of 21354 and 18?
6
What is the highest common divisor of 276 and 2829?
69
Calculate the highest common factor of 122 and 13237.
61
Calculate the highest common divisor of 14 and 434.
14
Calculate the greatest common divisor of 128 and 848.
16
What is the highest common factor of 4235 and 70?
35
Calculate the highest common divisor of 70 and 1720.
10
What is the highest common divisor of 39 and 12?
3
What is the highest common factor of 1024 and 32?
32
What is the highest common divisor of 1080 and 380?
20
What is the highest common factor of 26 and 3328?
26
What is the greatest common divisor of 6957 and 99?
9
What is the greatest common factor of 10530 and 90?
90
What is the highest common divisor of 70 and 200?
10
What is the highest common divisor of 61 and 122?
61
What is the greatest common factor of 18 and 693?
9
What is the highest common factor of 18 and 86?
2
Calculate the highest common divisor of 256 and 320.
64
Calculate the greatest common divisor of 5704 and 558.
62
What is the greatest common divisor of 65 and 25?
5
Calculate the highest common divisor of 10 and 470.
10
What is the highest common factor of 1222 and 282?
94
Calculate the highest common factor of 12 and 39.
3
What is the greatest common divisor of 171 and 6?
3
Calculate the greatest common divisor of 4 and 160.
4
Calculate the greatest common divisor of 18 and 138.
6
Calculate the highest common divisor of 54 and 12447.
27
What is the highest common divisor of 80 and 490?
10
What is the highest common divisor of 81 and 1?
1
What is the greatest common divisor of 16 and 13136?
16
What is the greatest common divisor of 36 and 45?
9
Calculate the greatest common divisor of 51 and 1445.
17
What is the highest common factor of 69 and 23?
23
What is the greatest common factor of 111 and 17427?
111
What is the greatest common divisor of 710 and 20?
10
Calculate the highest common factor of 2442 and 132.
66
What is the greatest common factor of 2 and 128?
2
What is the highest common factor of 279 and 2883?
93
What is the highest common divisor of 2 and 146?
2
Calculate the highest common factor of 986 and 238.
34
What is the highest common divisor of 987 and 21?
21
Calculate the highest common factor of 14 and 4382.
14
Calculate